j**3/3 + j**2/2 + 18*j - 1. Let a(k) be the first derivative of c(k). Determine a(-1).
21
Let n be (-2 + 3)/((-2)/(-4)). Let r(j) = 94*j - 187*j + 96*j - j**2 - j**2 - 2. What is r(n)?
-4
Let z(v) = -3*v + 13*v - 2*v - v**2 + 11. Let y be z(9). Let m(x) = 0 + 2*x - 2 - x**y + 1 + 8*x**2. Calculate m(1).
8
Let d(r) = 16*r**2 - 38 + 83 + 2*r - 44. What is d(-1)?
15
Let g(s) = 5*s. Suppose -3*w - 9 = 3*b, 3*b + 2*w = -0*w - 6. Let n be b/(-11) + 1 + 1 - 0. What is g(n)?
10
Let n(f) = 9*f**2 + 2*f - 2. Let d(y) = 4*y**2 + 323*y - 80. Let t be d(-81). What is n(t)?
9
Let n(d) = -7*d**3 - 5*d**2 + 42*d - 1. Let h(p) = -6*p**3 - 6*p**2 + 37*p - 1. Let c(v) = -6*h(v) + 5*n(v). What is c(-12)?
1
Let b(u) = 2*u**3 - 6*u**2 - 3*u + 9. Let v(y) = y**3 - 3*y**2 - y + 4. Let m(j) = 2*b(j) - 5*v(j). What is m(2)?
0
Suppose -v = -3*v + 30. Let y be ((-15)/(-10))/((-1)/10). Let b = v + y. Let w(f) = f + 3. Give w(b).
3
Let n = -1263 + 1269. Let u(f) be the second derivative of -f + 0 - 2*f**2 + 1/2*f**3. Give u(n).
14
Suppose -4 = -2*r, -2*r = 2*n - 4*n - 10. Let q = 5 + n. Let h(y) = 1 - 7*y - y**3 - 4*y**q + 0*y + 2*y + 3*y. What is h(-4)?
9
Let r(x) = 3*x - x**3 + 40 - 2*x - 18 - 10*x**2 - 25. Determine r(-10).
-13
Let w(h) be the third derivative of -h**5/60 - 5*h**4/8 - 17*h**3/2 + 16*h**2. Let s be w(-9). Let v(t) = t**2 + t - 2. Give v(s).
10
Let m = 24 + -16. Let b(o) = 0 - 5 + m*o**2 - 2 + o**3 + 7*o + 4. Let n = 337 - 344. Calculate b(n).
-3
Suppose -3*y = 9, 2*y - 13 = 3*n - 16. Let l(w) = -22*w + 1. Give l(n).
23
Let a be (20 - 2) + -7 + 6. Let v = a - 17. Let n(k) = -k - 3. Give n(v).
-3
Let x(v) be the second derivative of -v**4/12 - 2*v**3/3 + 7*v**2/2 + 6*v + 5. Calculate x(-5).
2
Let j be 3 + -3 + 6 + 0. Let z(x) = 10*x - x - j*x - x**2 - 5. Determine z(4).
-9
Let p(b) = -b**3 + b**2 + 1. Let n(u) be the first derivative of -4 - 1/3*u**3 + 0*u + 1/2*u**2. Let d be n(0). Determine p(d).
1
Let y(v) be the second derivative of -v**5/20 + 2*v**4/3 + v**3/6 - 2*v + 2. Give y(8).
8
Let m(b) = -2*b**3 + 2*b**2. Let s(t) = 3*t**3 - 3*t**2 - t - 1. Let y = 8 - 4. Let a(i) = y*m(i) + 3*s(i). Suppose 6 = p + 2, 3*p - 9 = j. Calculate a(j).
6
Let d be (1 + 3 - 8) + 4. Suppose d = -2*z + 27 - 11. Let g(j) = 0*j**2 - 2*j - 5*j - 4 + j**2. Give g(z).
4
Let r(i) = 2236 - 2211 + 0*i + 3*i - 5*i. What is r(11)?
3
Let s(f) be the third derivative of -f**6/120 + 3*f**5/20 - f**4/4 - 11*f**3/6 + 23*f**2. What is s(8)?
5
Suppose -71*w = -29*w. Let d(c) = c**2 + c**3 - 2*c**2 - 2 - 6. Give d(w).
-8
Suppose -11*h + 78 = 111. Let o(w) = w**3 + 2*w**2 - w + 3. Calculate o(h).
-3
Let a(s) be the third derivative of 5*s**2 - 1/60*s**5 - 7/24*s**4 + 0*s - 2/3*s**3 + 0. Suppose 2*d = -3*v - 17, 2*v + 22 = -2*d + 8. Give a(d).
8
Suppose a = 4*r + r - 9, 2*a - 18 = -2*r. Let b(n) = -8*n**2 + 5 - 7*n**2 - 10*n**2 - 8*n - 9*n**2 + 35*n**2. What is b(a)?
-7
Let c(i) be the first derivative of -i**2/2 - 230. Calculate c(13).
-13
Let v(w) = w**2 + 3*w - 1. Let i(r) = 3*r**2 + 9*r. Let a(h) = -2*i(h) + 5*v(h). Determine a(-4).
-9
Let h be (-28)/(-21)*3/2. Suppose h*c = 3*c. Let u(v) = 53*v + 2*v**2 - v**2 + 20*v**3 + 2 - 52*v - 21*v**3. What is u(c)?
2
Let f(g) be the second derivative of 1/20*g**5 + 1/3*g**3 + 0 - 15*g + 1/2*g**4 + 3*g**2. Calculate f(-6).
-6
Let h(z) be the third derivative of z**6/120 + 8*z**5/15 - 31*z**4/24 + 31*z**3/3 - 33*z**2. Let a be h(-33). Let s(q) = -q**2 - 4*q. Determine s(a).
0
Let d be 3*((-2)/7)/((-48)/56). Let y(u) = -1 - d + 7*u**2 - 6*u**2 + 8 + 8*u. Calculate y(-7).
-1
Let b(o) = o**3 + 4*o**2 + 2*o. Let w be 176/6 - 2/(-3). Let l = -32 + w. Determine b(l).
4
Let j(g) = 56*g**2 - 21*g**2 + g**2 - 20*g**2. Let r = 1 + -2. Determine j(r).
16
Let s(z) be the second derivative of -z**6/120 + 2*z**5/15 - 5*z**4/24 - z**3 - 7*z**2/2 - 5*z. Let u(n) be the first derivative of s(n). Give u(7).
8
Let a be (12/(-18))/((-2)/51). Let b(k) = 5*k**3 + 10*k**2 + 2. Let c(r) = -14*r**3 - 29*r**2 - 6. Let j(q) = a*b(q) + 6*c(q). What is j(3)?
-11
Let r = 19 + -22. Let u(g) = 3*g**2 - 2. Determine u(r).
25
Let z be (-1 - 3/(-2))*-12. Let d(f) = f**3 - 5*f**2 + 2*f + 14. Let v be d(4). Let k(p) = -v - p - 7 + 1. Calculate k(z).
-6
Let f(i) = -i + 1. Let k(x) = 51*x - 28*x - 22*x - 2 + 2*x**2 - 1. Let o(u) = 5*f(u) + k(u). Suppose -3*h + 5*m - 2 + 1 = 0, -2*m + 4 = 0. Calculate o(h).
8
Let h(f) be the second derivative of -f**7/840 - f**6/180 - f**5/60 - 3*f**4/4 + f. Let o(s) be the third derivative of h(s). What is o(-3)?
-17
Let t(y) = 4*y**3 - 10*y**2 + 5*y - 10. Let h(f) = f**3 - f**2 - 2. Let d(s) = 3*h(s) - t(s). Let p = 17 - 11. Calculate d(p).
10
Suppose -u + 4*u = g + 4, -3*g - 4*u = -14. Let l(b) = 5*b - 4*b**2 + g*b + 5*b**2 - 10. Give l(-9).
8
Suppose 2*c + 6 = -6. Let m(y) be the first derivative of 14*y + 8 + 1/2*y**2. Give m(c).
8
Let q(t) = -t**3 - 4*t**2 + 3. Let l = -20 + 22. Suppose -l*c + 0*c - 8 = 0. What is q(c)?
3
Let g(j) = -j**3 + 2*j. Let t be g(-2). Suppose 3*s - 4*p = 44, 3*p + 3 = -s - t. Let x = s - 2. Let q(a) = a**2 - 6*a + 1. Give q(x).
1
Let i(z) = -3*z - 3. Suppose -5*k - 13 = -3. Let b(y) = -1. Let g(j) = k*b(j) + i(j). What is g(2)?
-7
Let o(q) = -q**3 + 7*q**2 + 2*q - 6. Let y be o(7). Suppose -5*s - y = -9*s. Let b(j) = j + 7 - s + 1 - 3. What is b(-6)?
-3
Suppose -2*c + 0*c = 3*u - 14, -u + 2*c = 6. Let m(h) = -59*h**u + 58*h**2 + h + 2*h - 7 - 6*h. Determine m(-5).
-17
Let q(m) = m**3 + 5*m**2 - 5*m - 7. Suppose -3*y + 2*z - z - 23 = 0, -5*z + 13 = 2*y. What is q(y)?
-13
Suppose 7*u - 3*u = 16. Suppose 0 = -u*f + f + 3. Let a(c) = -12*c**2 + 5*c**2 + c**2 + 10*c**2 - f. Calculate a(1).
3
Let x = 1364 + -1366. Let g(h) = h**3 + h**2 - h - 2. What is g(x)?
-4
Let d(c) = c**2 + c + 1. Let f be -1*(-2 - -1) - 0. Let h(b) = 4*b**2 + 2*b + 7. Suppose -139*a = -135*a + 24. Let y(r) = a*d(r) + f*h(r). Give y(-3).
-5
Let o(j) be the third derivative of -j**6/120 - j**5/12 - 7*j**4/24 - 7*j**3/3 + 71*j**2. What is o(-4)?
-2
Let x be (-63)/(-12) + 1/(-4). Let w = -3 - -2. Let h(q) = q - 4. Let g(u) = -1. Let c(r) = w*h(r) - 3*g(r). Calculate c(x).
2
Let j(h) = -h**3 + 6*h**2 - 4*h - 8. Let l be 13/(52/(-8)) - (-3 + -5). Determine j(l).
-32
Let q(m) = 28*m**2 + 9*m + 18. Let f(t) = -11*t**2 - 5*t - 9. Let x(h) = -5*f(h) - 2*q(h). Let w(r) = -r**3 + 9*r**2 - 6*r - 8. Let o be w(8). Determine x(o).
1
Let f(r) = -r**2 + 2*r + 1. Suppose -4*k + 0*k = -44. Let b(j) = -16*j + j**2 + j + 5 + 4*j. Let u be b(k). Determine f(u).
-14
Let l(u) = -u**2 - u + 2. Let g(n) = n**2 + 3*n + 7. Let a be g(-4). Let p = -13 + a. Calculate l(p).
0
Suppose t = -3*t. Let x(g) be the second derivative of -g**4/24 - 5*g**3/6 + 3*g**2/2 + 11*g. Let r(b) be the first derivative of x(b). Calculate r(t).
-5
Let i(a) = -7*a**2 + 34*a + 5. Let r be i(5). Let m(d) = -57*d**2 + 4*d**3 + r*d**3 + d + 53*d**2 + 2 - d**3. Determine m(2).
12
Let m(t) be the third derivative of -t**5/60 + t**4/6 - 9*t**3/2 + 35*t**2. Let j(r) be the first derivative of m(r). Determine j(-3).
10
Let q(u) = -u - 12. Let z(f) = 3*f. Let j be z(-3). Calculate q(j).
-3
Let o be (((-18)/4)/(-3))/((-6)/(-8)). Suppose 1 = -n + o*n. Let u(k) = 9*k**2 + k. What is u(n)?
10
Let p be -3 - ((-1 - -3) + (-2 - -3)). Let i(o) = 0 + 9*o - 7*o**2 - o**3 + 5*o**2 - 3*o**2 + 9. Determine i(p).
-9
Suppose -j = -k - 6, 2*k - 12 = 3*j + 5*k. Let w be 126/33 - j/(11/(-2)). Let q(x) = -x**2 + 6*x - 4. What is q(w)?
4
Let v(r) be the second derivative of r**3/3 + 9*r + 3. Calculate v(1).
2
Let j be 5/(8 + 2)*12. Suppose 0 = -2*a + p + j, 3*a + 4*p - 31 = -0*p. Let h(n) = n + 6. What is h(a)?
11
Let k(b) be the first derivative of b**4/4 + 2*b**3/3 + b**2/2 + 2*b + 3. Let v be k(-2). Let n(j) = 2*j - 3 + 1 + 3*j - 6*j. Give n(v).
-2
Let x be 15/6*(-16)/10. Let s(j) = -j**2 - 5*j - 4. Determine s(x).
0
Let i(z) = -z - 3*z**2 + 2*z - 3*z + 2. Suppose 5 = 2*h - 3*x, -5*x = 3*h - 7*h + 11. Suppose -5*p - 42 = 4*l - 14, -h*l + p = 4. Determine i(l).
-6
Let g(k) be the first derivative of k**2 - 71. Determine g(-3).
-6
Let l(j) = -j - 2. Let t = -83 - -78. Let d(b) = -b. Let m be d(6). Let v = m - t. Give l(v).
-1
Let a(s) be the third derivative of s**5/30 + s**4/8 - 7*s**3/6 - 278*s**2. What is a(-4)?
13
Let v(q) 